mainder when l is divided by ((-27)/12)/(2/(-8)).
5
Let g = 257 + -253. What is the remainder when 18 is divided by g?
2
Let t be 2/7 + 120/70. Suppose -r - 21 = -t*r. Calculate the remainder when 60 is divided by r.
18
Let u(b) be the third derivative of -b**6/30 - b**5/60 - b**4/24 + b**3/6 + 4*b**2. Calculate the remainder when u(-2) is divided by 16.
15
Suppose -2*v + 240 = -v. Suppose 2*f - 5*f - 76 = -q, v = 3*q + 3*f. What is the remainder when q is divided by (-4 + 7)/((-6)/(-32))?
15
Let n = -23 - -72. Let x(l) = -4*l + 1. Let r be (-28)/5 - 8/20. Calculate the remainder when n is divided by x(r).
24
Let c be (16 + -1)*(-10 - -12). Let d = c + -22. Suppose -d*p = -5*p - 66. Calculate the remainder when p is divided by 6.
4
Let a(u) = 2*u - 6. Suppose 3*s = 1 + 11. Let p be a(s). Suppose p*q + x - 51 = 2*x, 0 = -2*x + 6. What is the remainder when q is divided by 7?
6
Suppose 8 = -5*r + 4*r + 2*a, 2*a = 2*r + 26. Let v = -10 - r. Suppose 4*u - 49 - 38 = -3*m, 5*m = -3*u + 68. What is the remainder when u is divided by v?
5
Let m be 30/4*4/6. Suppose -m*n - 2*u = -2, -n - 4*u = 2*n + 10. Calculate the remainder when 42 is divided by (n + 1)*(-44)/(-6).
20
Let z(g) = g**2 - 23*g - 22. Suppose 0*a - 111 = -a. What is the remainder when a is divided by z(25)?
27
Let x(j) = -j**3 + 19*j**2 - 11*j - 49. Calculate the remainder when x(18) is divided by 17.
9
Suppose 10 - 100 = -3*z. Suppose -3*b + z - 2 = 4*y, 4*y - 3*b = 28. Calculate the remainder when 15 - 1/1 - 2 is divided by y.
5
Suppose -5*v = -4*q - 2059 + 8178, 1511 = q + 5*v. Calculate the remainder when q is divided by 18.
14
Suppose 102 = 3*w - 0*w. Suppose -4*f - 5 = -x + 4, 18 = 2*x - 3*f. Calculate the remainder when w is divided by x.
7
Let j = -561 - -569. Calculate the remainder when 364 is divided by j.
4
Suppose -4*a + 189 = 3*k - 63, 326 = 4*k + 2*a. Let f = k - 63. What is the remainder when 29 is divided by f?
12
Let n = -16 + 20. Suppose -2*x = n*l - 5*x - 121, 5*x + 26 = l. Let i(v) = -6*v - 1. What is the remainder when l is divided by i(-2)?
9
Suppose 0 = 5*z + x + 378, -x = 3*x + 12. Let r = 107 + z. What is the remainder when r is divided by 12?
8
Let l(m) = -m + 4. Let b be l(-7). Let y = -6 + b. Suppose y*t - 35 = 4*t. Calculate the remainder when 67 is divided by t.
32
Suppose -18*l = -9*l - 441. Suppose 2*h - 28 + 2 = 0. What is the remainder when l is divided by h?
10
Let a = 31 - -46. Let y(g) = -4*g - 6. What is the remainder when a is divided by y(-8)?
25
Suppose 68*v = 66*v + 42. Suppose -5*f = -2*q - 288, 7*q = 2*f + 3*q - 112. What is the remainder when f is divided by v?
16
Let n(i) = i**2 - 10*i + 63. Calculate the remainder when n(10) is divided by 6.
3
Let o be 4/16 + (-81)/(-12). Let s = 9 - o. Suppose 5*l - 164 = 3*m, 4*m - 10 - 40 = -s*l. Calculate the remainder when l is divided by 11.
9
Let h(l) = -l**3 + 11*l**2 + 14. Let p be h(10). Suppose -p = 4*d - 350. What is the remainder when d is divided by 15?
14
Let i(q) = -q. Let o(j) = -16*j - 6. Let z(f) = 28*i(f) - 2*o(f). Suppose -12 = 2*u - 56. What is the remainder when z(13) is divided by u?
20
Let u(l) = -l**3 + 23*l**2 + 16*l - 7. What is the remainder when u(22) is divided by 13?
10
Suppose -3*b + 0*b + 3 = 0, -5*h - b = -116. Suppose 4*i + 40 = -4*c, -27 = 2*i + 5*c + 8. Let u = i + h. Calculate the remainder when 35 is divided by u.
17
Suppose 2*v - 22 = -2*z, 79 = 4*v - 5*z - 10. What is the remainder when 63 is divided by v?
15
Suppose -h + 3 = 3*i, -4*h = 4*i - 18 - 26. Let q = -1 + h. Let t = -54 - -93. Calculate the remainder when t is divided by q.
11
Let u(g) = -11*g + 109. Calculate the remainder when 96 is divided by u(9).
6
Let x be 1 + 7/(21/(-468)). Let f = x - -225. Suppose -4*w + f = w. What is the remainder when 54 is divided by w?
12
Let k = -94 - -248. Let u = k + -141. Calculate the remainder when 77 is divided by u.
12
Let u(c) = 10*c - 49. Suppose 0*t = -5*t + 10. Suppose 4*l = -t*j + 38, 5*j - 60 = 2*j - 3*l. Calculate the remainder when u(13) is divided by j.
18
Suppose 0 = -2*c - 3 + 25. Let v = 67 + c. Calculate the remainder when v is divided by 20.
18
Let s(l) = -l**3 - 9*l**2 - 3*l + 6. Let u be s(-4). What is the remainder when 222 is divided by 1*-1 - (3 + u) - 1?
51
Let c = 20 - 9. Let i(p) = -p**3 + 75*p**2 + 85*p - 610. Calculate the remainder when i(76) is divided by c.
8
Suppose -g = 4*p + 2*g - 793, 2*p - 399 = g. Let a = p - 103. What is the remainder when a is divided by 9?
6
Suppose -349 = 5*i - 2*u - 62, -4*u = 2*i + 110. Let m = -33 - i. What is the remainder when 141 is divided by m?
21
What is the remainder when 155 is divided by (-2382)/(-58) + (-14)/203?
32
Let u(o) = o**2 - 5*o + 7. Calculate the remainder when u(-7) is divided by 23.
22
Let q(s) = 4*s**2 + 2*s + 3. Let d = -2482 + 2536. Calculate the remainder when d is divided by q(-2).
9
Let f = -38 - -58. Let x = -13 - 0. Let b = 26 - x. What is the remainder when b is divided by f?
19
Calculate the remainder when 51 is divided by 53/4 - (-111)/148.
9
Let p = 24 + -10. Suppose 5*a - 54 = -q, -4*a + 120 = 3*q - 3*a. Calculate the remainder when q is divided by p.
11
Let y be (-1 + 1 - 3) + 178. Let v = y - 68. What is the remainder when v is divided by 22?
19
Let c = -666 - -680. Calculate the remainder when 83 is divided by c.
13
Suppose 0 = a - 14*a + 2301. Calculate the remainder when a is divided by 2.
1
Let b be (9/(-2))/(11/(-330)). Calculate the remainder when 43 is divided by 20/(-6)*b/(-30).
13
Let d be 5 - 1 - (4 - 2). Suppose -10 = -7*u - 374. Calculate the remainder when d*(3 + u/(-8)) is divided by 5.
4
Let g(a) = 6*a**2 - 1. Let m be g(1). Suppose 29 = 3*z - m*v, z - 3*z + 22 = -4*v. Suppose z*q - 197 = 118. What is the remainder when q is divided by 36?
33
Suppose -3*j - 4*g + 7*g = 0, -3*g = 5*j. Suppose j = -4*f + 5*f - 8. Calculate the remainder when 15 is divided by f.
7
Suppose -62 = -2*k + p, -3*p + 133 = -0*k + 5*k. Calculate the remainder when k is divided by 3*(20/12 - -1).
5
Let t(j) = -j**2 + 5*j - 5. Let x be t(4). Let z be -1 - 2 - x - -4. Suppose 0 = -k - z + 21. Calculate the remainder when 73 is divided by k.
16
Let v(d) = 13*d + 7. Let j be v(4). Let o = j - 35. Let g = o + -16. Calculate the remainder when 21 is divided by g.
5
Suppose 0 = -41*r - 81 + 204. Suppose -3*d - 5*o + 33 = 0, -4*d + 3*o + 21 = 6. What is the remainder when d is divided by r?
0
Suppose 28 = 12*x - 152. Let p(v) be the second derivative of -7*v**5/5 + v**3/6 - 2*v. Calculate the remainder when p(-1) is divided by x.
12
Let c = -260 - -434. Calculate the remainder when c is divided by 26.
18
Suppose 42*k - 2357 - 2011 = 0. Calculate the remainder when 401 is divided by k.
89
Let s = -16679 + 16689. Let q be ((-4)/(-10))/((-2)/10). Let y(i) = -8*i + 2. What is the remainder when y(q) is divided by s?
8
Suppose 5*l = l + 2*w + 44, 2*l - 22 = 5*w. Let o = -45 + 52. What is the remainder when l is divided by 14/o + (-2)/(-1)?
3
Suppose 5*j - 183 - 52 = 0. What is the remainder when 96 is divided by j?
2
Suppose -x = -v - 25, -v + 0*v = 3. Calculate the remainder when 393 is divided by x.
19
Suppose r + 0*r = -3*z + 11, -3*z - 44 = -4*r. Suppose 5*i + 241 = 5*w + 2*i, -3*w + 147 = -3*i. Let q = 88 - w. What is the remainder when q is divided by r?
8
Suppose -1395 = -5*g + 5*f, 309 = g - 8*f + 13*f. What is the remainder when g is divided by 29?
23
Let l = -8 - -10. Let s be (-74)/(-26) + 4/26. Suppose 0 = -0*y + y - s*z - 5, -y = l*z - 20. What is the remainder when 39 is divided by y?
11
Suppose 3*z + z = 2*y - 20, -y + 5*z = -4. Suppose -2*u - 102 = -376. What is the remainder when u is divided by y?
11
Let k(d) = d**2 - 36*d - 54. Calculate the remainder when k(39) is divided by 3.
0
Let d = -230 + 597. Calculate the remainder when d is divided by 74.
71
Suppose -66*u - 111 = -67*u. Calculate the remainder when u is divided by 14.
13
Suppose 39*c - 28*c - 4114 = 0. What is the remainder when c is divided by 47?
45
Let a(c) = 3*c + 17. Suppose -4*p + 4*b + b = -15, 5*b = 5. What is the remainder when 126 is divided by a(p)?
30
Suppose -3*c + 11 = -178. Suppose 5*o - 244 + 164 = 0. What is the remainder when c is divided by o?
15
Suppose -5*h + 200 = -0*n - 3*n, 5*h = -4*n + 200. Ca